se 3, what is 12 + 1011211021122?
1011211021211
In base 14, what is 5 - 1669?
-1664
In base 7, what is -12253 + 2?
-12251
In base 13, what is 2a5 - 82?
223
In base 5, what is -2131123 + -4?
-2131132
In base 6, what is -1343301 - -1?
-1343300
In base 3, what is 10 - -22222?
100002
In base 14, what is 17cc8 - 12?
17cb6
In base 6, what is -1002541 - 3?
-1002544
In base 14, what is -1876 - 41?
-18b7
In base 6, what is -2130 - 343?
-2513
In base 11, what is -4a - 26a1?
-2740
In base 15, what is 4 + -1ca38c?
-1ca388
In base 13, what is 26a1 - 152?
254c
In base 15, what is 6bb - -4e?
71a
In base 8, what is -330414 + 12?
-330402
In base 10, what is -243 - -489?
246
In base 3, what is 22111000 - 12200?
22021100
In base 5, what is 4 + -222303?
-222244
In base 6, what is 1221230 + 14?
1221244
In base 13, what is -34ba - 3?
-34c0
In base 6, what is -51 + 1021555?
1021504
In base 6, what is 14144312 + -11?
14144301
In base 5, what is 240 + 303312?
304102
In base 3, what is -10212202120 - 1?
-10212202121
In base 15, what is -d + -a2?
-b0
In base 8, what is 777 - -617?
1616
In base 12, what is -3 - -120511?
12050a
In base 2, what is 101000011 + -110011010101?
-101110010010
In base 9, what is 2170 + 1068?
3248
In base 12, what is 655 - -386?
a1b
In base 9, what is -603 + -310?
-1013
In base 5, what is -234143 + 1?
-234142
In base 6, what is -114 - 113510?
-114024
In base 11, what is -54 + -12267?
-12310
In base 15, what is -95 - -737?
692
In base 6, what is -242144 - -5?
-242135
In base 2, what is 1101011011100000 + 0?
1101011011100000
In base 8, what is 723 - 30?
673
In base 10, what is -58 - 2110?
-2168
In base 15, what is 1 - -1c33?
1c34
In base 8, what is -1 + -32207?
-32210
In base 10, what is 382871 + 3?
382874
In base 11, what is -5 - 48882?
-48887
In base 6, what is 3020 + -31200?
-24140
In base 2, what is 10 + -100101111001011111000?
-100101111001011110110
In base 11, what is 78047 - 0?
78047
In base 9, what is -14 - 10558?
-10573
In base 4, what is -1233303003 - -2?
-1233303001
In base 14, what is 2893b - 5?
28936
In base 4, what is 3003 - -122?
3131
In base 3, what is -22010122000 + 2?
-22010121221
In base 14, what is -259 + 3b2?
157
In base 5, what is -3 + 4024023?
4024020
In base 16, what is 15c62 + -3?
15c5f
In base 3, what is -201 + -201000121000?
-201000121201
In base 13, what is -3 - -2a292?
2a28c
In base 3, what is -2212 + -1002000?
-1011212
In base 6, what is 23425003 + -2?
23425001
In base 6, what is 45 + 134124?
134213
In base 7, what is -11365546 + 0?
-11365546
In base 7, what is 63 + -152062?
-151666
In base 4, what is -13 - 32211130?
-32211203
In base 16, what is -1b + 0?
-1b
In base 6, what is 0 - 2321444?
-2321444
In base 15, what is -524 - 103d?
-1562
In base 14, what is 0 - -305b?
305b
In base 9, what is 48653 - 36?
48616
In base 4, what is 3122 + 12203?
21331
In base 3, what is -21221 + 201100020?
201001022
In base 6, what is 5 - 5205?
-5200
In base 12, what is -59619b - -3?
-596198
In base 3, what is -1100020 - 12000111?
-20100201
In base 3, what is 2211202 - -2100?
2221002
In base 10, what is -58 - 9645?
-9703
In base 6, what is -531 - 440?
-1411
In base 13, what is 4 + 76b4?
76b8
In base 8, what is 7 + 104?
113
In base 15, what is -1a + -958?
-973
In base 4, what is -23 + -332113?
-332202
In base 13, what is 92504 - -5?
92509
In base 8, what is -4 + 7075525?
7075521
In base 8, what is -2 - -1425521?
1425517
In base 13, what is 2302 + -b0?
2222
In base 12, what is -831 + -4?
-835
In base 5, what is -11143 + -3?
-11201
In base 15, what is 13006 - -d?
13014
In base 10, what is 219 + 284?
503
In base 3, what is 100101122 + -10?
100101112
In base 14, what is 11 + 984?
995
In base 15, what is -2c2 + 5?
-2bc
In base 10, what is 10 + -991?
-981
In base 7, what is -111 + 612?
501
In base 8, what is -750424 - 3?
-750427
In base 12, what is -61b + -24?
-643
In base 6, what is -1055 + 14?
-1041
In base 6, what is -402032 + 10?
-402022
In base 16, what is 4 - 5b69?
-5b65
In base 2, what is -1101110100011000 - 0?
-1101110100011000
In base 6, what is -315 - -2014?
1255
In base 13, what is 15b9 - 2?
15b7
In base 10, what is 2045 + 16?
2061
In base 14, what is -4 - -662c?
6628
In base 8, what is 2 + -767030?
-767026
In base 12, what is -946a + 1?
-9469
In base 3, what is -101120100 + 212?
-101112111
In base 10, what is 7 - -17800?
17807
In base 15, what is 24e5 - 1?
24e4
In base 14, what is 9ac37 - 1?
9ac36
In base 10, what is -3778161 - 4?
-3778165
In base 9, what is -1740 + -66?
-1816
In base 11, what is 36 + 1251?
1287
In base 11, what is 48 - 3175?
-3128
In base 10, what is 1 + -6820?
-6819
In base 3, what is 1212001210 - 1?
1212001202
In base 4, what is 101311 + -133?
101112
In base 11, what is 88 + 2a9?
386
In base 11, what is -6 + 8734a?
87344
In base 10, what is -10 + 13049?
13039
In base 10, what is -315 - -4928?
4613
In base 7, what is -1 + 331435?
331434
In base 2, what is -11010111011 - -10101?
-11010100110
In base 7, what is 25 + 5033?
5061
In base 11, what is 21 - 3228?
-3207
In base 16, what is 188f6 + -5?
188f1
In base 7, what is -664643 - 4?
-664650
In base 12, what is -3672 + 6?
-3668
In base 4, what is 2013020 + 11?
2013031
In base 10, what is -20093 - -4?
-20089
In base 9, what is -625 + -185?
-821
In base 3, what is 120110101110 - 12?
120110101021
In base 4, what is 3 - 30233001?
-30232332
In base 13, what is -6c91a - 4?
-6c921
In base 15, what is -7d + 2c37?
2ba9
In base 13, what is 5c8 + 127?
722
In base 16, what is 5 + 17d2?
17d7
In base 4, what is -11 + 33210211?
33210200
In base 7, what is -1323 - 105?
-1431
In base 5, what is 3233 + 420?
4203
In base 16, what is a35 - 397?
69e
In base 7, what is -30 - -4040?
4010
In base 16, what is -103 - -82?
-81
In base 2, what is 1010 + -10001?
-111
In base 7, what is 4023 + 145?
4201
In base 15, what is -3 + d83ae?
d83ab
In base 14, what is -75a403 - 0?
-75a403
In base 9, what is -1641443 - -4?
-1641438
In base 13, what is -8bc + 380?
-53c
In base 13, what is -1 + 15c30?
15c2c
In base 4, what is -23 + 1003011?
1002322
In base 11, what is 22 + 2992?
2a04
In base 11, what is 1072063 + -3?
1072060
In base 2, what is 111000101010010100 + 100?
111000101010011000
In base 11, what is -46 + -40aa?
-4145
In base 7, what is 5645166 + 6?
5645205
In base 11, what is 3 - 578?
-575
In base 5, what is 234343410 + -4?
234343401
In base 7, what is 2 - 112504?
-112502
In base 12, what is b4 + 247?
33b
In base 12, what is 5134 + 86?
51ba
In base 13, what is 21 + -8064?
-8043
In base 16, what is -7 - -20b1?
20aa
In base 15, what is -8598 + 0?
-8598
In base 9, what is 7352 + -17?
7334
In base 14, what is -62d5 + -3c?
-6333
In base 12, what is 12250 - -2?
12252
In base 5, what is -2 + 1321310?
1321303
In base 13, what is -15 + 4742?
472a
In base 2, what is -100 + 101001001000001?
101001000111101
In base 2, what is 10110 + 100001110?
100100100
In base 3, what is 10011 + 20010010?
20020021
In base 9, what is -5 + -160587?
-160603
In base 14, what is -8b1a - 0?
-8b1a
In base 10, what is -3352 + -6?
-3358
In base 2, what is -10111 + -1001010110011?
-1001011001010
In base 7, what is -6362 + 6?
-6353
In base 13, what is 2 - 9bb?
-9b9
In base 9, what is -13 - -28530?
28516
In base 3, what is -101012001102 - -10?
-101012001022
In base 2, what is -10110 - 101100000000000?
-101100000010110
In base 3, what is 12220 - 110220201?
-110200211
In base 3, what is 100111012 + 22020?
100210102
In base 15, what is 13 - 38ce?
-38bb
In base 15, what is -5 + -d17?
-d1c
In base 9, what is 154 + -141?
13
In base 5, what is 2014 - 113?
1401
In base 12, what is -248 + -35?
-281
In base 12, what is -16658 + -5?
-16661
In base 13, what is 2ab - -64c?
92a
In base 11, what is 9097 - 16a?
8a28
In base 13, what is -3 + -1c1?
-1c4
In base 11, what is -1542 - -140?
-1402
In base 10, what is -6826 + -5?
-6831
In base 2, what is -10 - 11111000?
-11111010
In base 15, what is -4cee + -2?
-4d01
In base 4, what is -3 - 11010330?
-11010333
In base 10, what is 17 + 4?
21
In base 15, what is 18 + 9437?
9450
In base 13, what is -18 - -2729?
2711
In base 8, what is 26 + 451?
477
In base 4, what is -11 + 10113212?
10113201
In base 9, what is 1 - -8663?
8664
In base 4, what is -323301 - -22?
-323213
In base 5, what is 32 - -204021?
204103
In b